7 - -199))?
50
Evaluate 5 - (-78 + 74 + 47 + 13).
-51
Evaluate -14 + (-2 - -2 - -9) + (2 - 7).
-10
What is 9 + (-8 - -6) + (-5 - -7) + -60?
-51
What is 0 - (7 + 29) - (9 - 9 - 0)?
-36
What is 28 + (-3 - -3 - 7 - -11) - -11?
43
18 + 1 + (-1997 - -1977) + (17 - -1)
17
Calculate -113 + (51 - 16 - 22).
-100
What is -23 + 2 - (17 - (13 + 5 + (-13 - -15)))?
-18
Evaluate -4 - 21 - -28 - (7 - -3) - (-5 - -20).
-22
13 - (40 + (-11 - -78) - 3)
-91
Evaluate -19 + -9 - (10 + (-20 - 9)).
-9
88 + (-18 - 43) + 72 + (-4 - -1)
96
What is the value of 25 - (-10 - -33) - ((-5 - 10) + 3)?
14
-79 + 141 + -60 + (55 - -2) + -1
58
What is the value of 10 + -12 + 6 - 53?
-49
Evaluate (9 - 31) + (-50 - -84) - 10.
2
2 + -12 - ((57 - 44) + 3 + -18)
-8
What is (18 - (1 - (17 + -16))) + 1?
19
What is the value of 41 - ((4 - 5) + -5 + (29 - 13 - 12))?
43
What is 19 + (24 - (-14 + 16)) + -5?
36
Calculate -10 + (-24 - (-64 + 24)).
6
Calculate (1 - (-2 + -16)) + (-38 - -53).
34
-27 - (20 - (-25 - -50) - 26)
4
-2 + -6 + (1 - (-13 + 14 + -3 + -12))
7
Calculate (-4 - -7 - (70 - 71)) + -35.
-31
What is (-1 - 42) + 80 - ((-4 - -7) + (-1 - -1))?
34
What is -1 + -5 - (-127 + 39 - -26)?
56
Calculate (139 - 50) + -64 - (5 - -7).
13
Calculate 7 - (-21 + 26 + -45 + 27).
20
What is the value of 8 + -24 - (54 - 73) - (-3 + 0)?
6
Calculate -2 + 10 + (-1019 - -1045).
34
What is 4 + -9 + (0 - -6) + (1 - -7) + -18?
-9
What is the value of 14 + (45 - 60) + (7 + -6 + 9 - 94)?
-85
(2 + 3 + -3 + 5 - (-370 + 435)) + -3
-61
Calculate -31 + 22 - -29 - (1 + -4).
23
Evaluate 14 - (22 - (28 + -15) - -30).
-25
Evaluate 7 - -2 - (1 + -2) - (4 - (34 + -8)).
32
Evaluate (-14 - (-64 + 11)) + -83.
-44
What is the value of -48 + (-21 - -21 - -1) + 18?
-29
-1 + -410 + 404 + (18 - 0) - 107
-96
What is (-107 - (-19 - -65)) + 87?
-66
What is the value of -4 + -11 + 8 - -4 - (6 - 10 - -94)?
-93
What is -41 + 19 + 25 - (2 + -7 - -33 - 5)?
-20
Evaluate 27 - (-111 + (-24 - -97)).
65
(-3 - -2) + 66 - (-3119 + 3137)
47
(-43 - (-6 - 65)) + -4 - (-52 - 1)
77
Calculate (-16 - 6) + (16 - 10) + (-13 - 1).
-30
-7 + 2 + (6 - -18 - 10 - 18 - -59)
50
Calculate -2 - (-49 + 35 + -9 + (4 - 8)).
25
What is the value of -63 + (240 - 87 - 111)?
-21
Evaluate (2 - (8 + -15 + -1) - (2 - -43)) + -7.
-42
Evaluate 4 + 4 + -1 + (-11 + 2 - (21 + 15)).
-38
17 + (-24 - -16) + -18 - -10
1
What is the value of 22 - (15 + -8 + 0 + 6) - -3?
12
What is the value of 1 + (-15 + 6 + 15 - -39) + 3?
49
Evaluate 31 - (-23 + (11 - (-15 - -8))).
36
-43 + (20 + 42 - -31)
50
Calculate (-2 - -21) + -33 + -2 + 0 - -4.
-12
Calculate -101 - ((1 - -14 - (305 + -306)) + 4).
-121
What is the value of (-42 - (-86 - -29)) + -31?
-16
Evaluate 244 + -100 + -31 + -240.
-127
(-4 - (-39 + 13)) + 5 + -4
23
0 + (-5 - (-18 - 38 - -5))
46
What is (-10 + 11 + 10 - -2) + -15 - 18?
-20
What is the value of -131 + 83 - -204 - 218?
-62
7 - ((-14 - 66) + 39 + -17 + -24)
89
Evaluate -10 + (-1 - 12 - (-5 + -2 - 0)).
-16
What is the value of (63 + -74 - -3) + -58?
-66
What is 32 + -63 + 21 - -18?
8
55 - (142 + -81 + -47)
41
-1 + -33 - ((-20 - -1) + (-6 - (9 - 30)))
-30
Evaluate 35 + (16 - 37 - -18) + -6 + 7.
33
What is the value of 0 + 138 + (-77 - 39) + 97?
119
What is the value of (-2 + -1 - -13) + (23 - (-56 - -26))?
63
Evaluate -28 - -62 - 62 - (3 + 0 + 7).
-38
Evaluate (-626 - -578) + 91 + -4.
39
What is the value of -15 - (8 - -32) - -73?
18
38 + -23 + -33 - 0 - 4
-22
What is the value of 21 + 29 + (-70 - -15)?
-5
What is the value of -8 - (68 - 43) - -57?
24
What is -57 - -6 - ((5 - 60) + 26)?
-22
What is -2 - -5 - (0 - -9) - ((-50 - -3) + 0)?
41
-18 + 14 + -52 + 23
-33
What is the value of (8 + 11 + -17 - (10 - -1)) + 0 + -5?
-14
Evaluate 9 + 3 + -4 + 1 + -11 - (22 - 26).
2
What is 86 + 2 + -21 - (3 + -27)?
91
Evaluate (3 - (-2 + -5)) + 25 + -17.
18
Evaluate (-43 + 85 - -13) + -1.
54
Evaluate 19 - -1 - 3 - (-188 - -201).
4
What is 17 + -15 + 7 + 42?
51
Calculate (3 - (-9 + -1) - (0 + 29)) + 87.
71
What is the value of -16 - (-9 + (-10 - (8 - 0 - 17))) - 15?
-21
Calculate (-1 - 42) + -8348 + 8368.
-23
132 + (0 - 21) - (6 + 29)
76
-223 + (-98 - -302) + (-30 - -1)
-48
What is 467 + -456 - (3 - ((-2 - -1) + 112))?
119
Calculate 17 + 34 + -58 + 8 + 7.
8
34 + 8 + (-7 - 6) + 12
41
Evaluate 145 + (-34 - (36 - (51 - -26))).
152
52 - (-45 + 150 - 42) - (1 - 1 - 0)
-11
Evaluate 447 + -467 + 9 + 1 + 1 - (-16 + -1).
8
What is the value of 14 - ((123 - 1) + -27 + -53 + 61)?
-89
Calculate (1 + -4 - 10) + (-721 - -721).
-13
What is -8 - (-16 - (45 + -11)) - -20?
62
Calculate ((-18 - -37) + -13 - 23) + -7.
-24
31 + 5 + -5 - (29 + -9)
11
Evaluate (86 - 76) + 106 - 31.
85
What is the value of (-177 - -101) + 56 + -69?
-89
What is 8 - ((0 + -13 - (254 + -279)) + -3 + -54)?
53
What is the value of 6040 + -6030 + (-1 - 64 - 1) + 1?
-55
Evaluate 74 + (30 - (6 + 56)).
42
4 + -68 + (-1 - -38)
-27
Evaluate (-106 - (-40 - 71)) + 48.
53
What is 736 + -787 - (0 + 1 - 0)?
-52
Calculate (0 - -28) + (-8 - 18) + -2 + -11.
-11
Calculate 0 + 0 - (-86 + 43 - -55).
-12
What is -50 + 114 + -110 - (-35 + 1)?
-12
Evaluate 37 + (-78 - -19 - 48).
-70
Evaluate (52 - 72) + 22 + -14 + 39.
27
What is 30 + 42 + -54 - (-4 - (-150 - 2))?
-130
5 + 3 - (18 + (7 + 23 - 28))
-12
Evaluate 66 - (-72 - (76 - 89)).
125
Calculate 45 - 112 - -37 - -30.
0
Evaluate 6 + ((0 - 0) + 2 + -10 - (-5626 - -5619)).
5
What is -54 + (8 + 35 - -60)?
49
What is the value of 157 + -80 + -83 - -23?
17
What is 1 - ((9 - -4) + -9) - 3 - -12?
6
Evaluate (-12 + -2 - (-615 - -593)) + -1 + -15 + 56.
48
Calculate 57 - (31 + 14 - 0).
12
What is the value of -2 - (13 + -17 + 1 + 10) - (-62 + -3)?
56
-14 + (-1 - (1 - (-2 + 12))) + -30 + 2
-34
What is the value of 0 - 13 - -15 - (60 - (2 + 2))?
-54
What is the value of 179 + -186 + 21 - (1 + -2 + 0)?
15
What is (-12 + 0 - -2) + (2 - (26 + -27 + 17))?
-24
What is the value of 269 + -292 + (8 - 13) + 4?
-24
Evaluate -31 - (-122 - -7 - (-111 - -140)).
113
Calculate (-1 + 5 - -8) + (-11 - (10 - -17)).
-26
What is (-22 - -37) + -16 + -27 + 62?
34
What is the value of 3 + -1 + 8 + -111 + 51 + (-35 - 5)?
-90
What is -18 - -38 - 7 - 27?
-14
Calculate -14 - (5 + -11 + -17 - (-1 + -14)).
-6
Evaluate 10 + (-57 - (-2 + -6)) + (0 - -17).
-22
Calculate 19 - (-2 + 6 + 46).
-31
Calculate (28 - -22) + (17 - 177).
-110
Evaluate -48 + (36 - 6) + -49 - (4 - (14 + 1)).
-56
92 + (-87 - -6) + -105
-94
What is the value of -1383 - -1442 - (46 - 2)?
15
What is (-50 - -30) + -11 - 3?
-34
What is 98 + -1 - (2 - 2) - -2 - (-46953 - -46940)?
112
Evaluate 36 + (-375 - -358 - (31 - -3)).
-15
-2 + 77 + (51 - (179 - 136))
83
Calculate 563 + -526 + (4 - 76).
-35
Evaluate 7229 + -7324 + (1 - -1) + 26.
-67
Calculate 48 + -24 + (-1 - (-2 - (3 + 5))).
33
Evaluate -40 + 9 + 94 + -52.
11
(3 + (1 + 29 - 22) - (-2 + 1)) + -67
-55
(3 - -17) + (-17 - -31) + -15
19
What is the value of (25 - (16 + 15)) + (9 + -6 - (0 - 1))?
-2
1 - (1 + (-8 + 21 + -7 - 15))
9
What is the value of (-6 - (-2 + 4) - (-26 + 37 - 27)) + 101?
109
Evaluate -2 + -40 + 24 + -28 + -4.
-50
Evaluate -47 - (-14 + 0 - ((1 - 47) + 31)).
-48
Evaluate 22 + (69 - (35 - (-7 + 3))).
52
What is the value of (-43 - (9 + 3 - 18)) + 7 + 0?
-30
(44 - 46 - (-41 + -1)) + (-139 - -136)
37
Evaluate (101 + -113 + 63 - -66) + (-1 - -20).
136
What is 8 - ((-6 - -22) + -17)?
9
130 + (115 - (144 - -45))
56
-9 + 85 + (52 - (8 - -9)) + -18
93
What is the value of 20 + -20 + 21 + (3 - 2)?
22
What is -4 - ((1 - (-2 + 0)) + 1 - (-68 + 13))?
-63
(11 - (-29 - -27)) + -7
6
What is the value of (57 - 0) + (-34 + 54 - 38)?
39
What is -352 + 434 - (46 + 0)?
36
What is (-13 - ((7 - 30) + -28)) + -35?
3
Evaluate 74 + -1 + (94 - 247) + 147.
67
Evaluate -105 - 8 - (-17 + -14 + -9 - -29).
-102
What is the value of -92 + 94 - (-3 + (-7 - -80) + -5)?
-63
What is -62 - ((56 - 41) + (7 + -35 - -7))?
-56
Evaluate (-13 - (11 + -12 - 5)) + (-22 - -13) + -62.
-78
Calculate -17 + -23 + 61 - (-23 - -93).
-49
Evaluate 118 - (199 - 99) - (-2 - -125).
-105
What is -26 + (-25 + 21 - 0) + 12?
-18
-1 + (-17 - 2) - (1170 - 1210)
20
What is the value of (-152 - -65) + 3 + 10 - 47?
-121
Evaluate -4 + 44 + (0 + (-2 - -11) - 12) + 4.
41
Calculate (29 - (-19 - -51)) + (-3 - 1 - -2).
-5
80 - (89 - (48 + -51))
-12
1 + -8 + (36 - -115 - 138)
